et t(k) = -3*k**2 - 86*k + 103. List the prime factors of t(-29).
2, 37
Let p = 576 + 387. What are the prime factors of p?
3, 107
Suppose 0 = -2*z - 4*m - m + 25, 2*z - m + 5 = 0. Suppose -n = -z*n - 78. What are the prime factors of n?
2, 3, 13
Let c = -4 + 6. Let b be -1 - -1*(1 + 5). Suppose -5*d = -b*z + 150, -60 = z - 3*z - c*d. List the prime factors of z.
2, 3, 5
Let b = -1188 + 1690. What are the prime factors of b?
2, 251
Suppose 0*l + 3*l = -18. Let f(c) = c**3 + c**2 - c + 1. Let a(r) = -2*r**3 - r**2 + 3*r - 1. Let h(p) = 6*a(p) + 13*f(p). List the prime factors of h(l).
13
Suppose -28*t + 2659 = -98925. What are the prime factors of t?
2, 907
Let d(v) = v**2 - 4*v + 36. Let b be d(6). Let g = 86 + b. What are the prime factors of g?
2, 67
Let k = 18 - 19. Let x = 4 + k. Suppose 3*v + 3*h = 117, -x*h - 39 = -0*v - v. What are the prime factors of v?
3, 13
Let s(l) = -l**2 + 5*l - 8. Let a be s(-13). Let j = -312 + a. What are the prime factors of j/(-16) + 3/8?
5, 7
Suppose 8*r = 3*r + 4*b + 405, 5 = -b. What are the prime factors of r?
7, 11
Let s(m) = 5*m**3 - 2*m**2 + 2*m + 9. Let v(x) = 4*x**3 - 2*x**2 + x + 9. Let q(j) = -3*s(j) + 4*v(j). List the prime factors of q(5).
2, 37
List the prime factors of ((-163)/1)/((-15)/45).
3, 163
Let i(n) = -37*n + 21. Let x be i(4). Let s = x + 205. What are the prime factors of s?
2, 3, 13
Suppose -204 = -3*t + 21. List the prime factors of t.
3, 5
Suppose -2*w = -2*n - w - 822, 4 = 2*w. Let o = 692 + n. What are the prime factors of o?
2, 3, 47
Suppose -c - 3*g - g = -250, 0 = 3*c - 3*g - 750. Suppose -c = -5*s - 5*a, -3*s - 220 = -7*s + a. Let h = s - 29. List the prime factors of h.
5
Suppose -11414 - 6058 = -14*a. List the prime factors of a.
2, 3, 13
Suppose 4*x + 220 = 5*x. Suppose 29*l - 31*l = -x. What are the prime factors of l?
2, 5, 11
Let r = 3 + -1. Let v = 22 - 34. What are the prime factors of (-2385)/(-54) + r/v?
2, 11
What are the prime factors of ((-1)/3)/(9/27) + 738?
11, 67
Let o be 1 + (-4)/(-2 - 2). Let w(x) = -2 + 1 + 6*x + 6*x - x**o. What are the prime factors of w(7)?
2, 17
Suppose -2*v = -7*v - 270. Let x = v + 36. Let p = 52 + x. What are the prime factors of p?
2, 17
Suppose -l = -0*l - 4. Let o(h) be the second derivative of h**4/6 - h**3/3 + 5*h**2/2 - 2*h. What are the prime factors of o(l)?
29
Let a(p) = -p - 5. Let k(i) = -2*i - 16. Let q(w) = -10*a(w) + 3*k(w). Let f(g) = -5*g - 2. Let s(y) = 6*f(y) + 7*q(y). List the prime factors of s(-3).
2
Suppose -23 - 8 = -b + 5*t, -b - t = -7. Suppose -b*y + 6*y + 20 = 0. What are the prime factors of y?
2
Let v(f) = 10*f - 1 + 4*f - 10*f**2 + 18*f**2 - 13*f. Let n(c) = -c. Let i be n(-2). List the prime factors of v(i).
3, 11
Let g = 46 + -44. What are the prime factors of -1 - (-1 + g - 39)?
37
Suppose 2*d - 2*c = 18, -2*d + c = 3*c - 38. Let u = d + -11. Suppose 2*f + 0*f = 8, 4 = 4*r - u*f. List the prime factors of r.
2
Let z(s) = 5*s + 6. Suppose 0 = r + 4*d - 2 + 3, -5*r = -3*d - 41. What are the prime factors of z(r)?
41
Let p = 116 + -51. List the prime factors of p.
5, 13
Let w = 145 + 293. List the prime factors of w.
2, 3, 73
Suppose -2*i + 384 = -2*u, 383 = 4*i + 3*u - 392. What are the prime factors of i?
193
Suppose -3*s + 3*a = -1358 - 985, s + 2*a - 775 = 0. What are the prime factors of s?
19, 41
Suppose -2*c - 10 + 56 = 0. Let l = 12 - c. Let y(u) = -u**3 - 12*u**2 - 12*u + 9. What are the prime factors of y(l)?
2, 5
Let n be (5/(-2))/((-2)/(-8)). Let u be ((-2)/(-5))/((-2)/n). Suppose 5*z - 111 = -4*m, -6*z + 2*z = u*m - 90. What are the prime factors of z?
23
Suppose 5*u - 2516 = 3*l, -3*u + 5*l + 1471 = -29. Let b = u - 270. List the prime factors of b.
5, 47
Suppose 3*h = -4*h + 91. Let l = -4 - -41. Let z = l - h. List the prime factors of z.
2, 3
Let m = -711 + 465. Let u = -149 - m. List the prime factors of u.
97
List the prime factors of 1512/98*63/2.
2, 3
Let r = -37 + 40. Let f(d) = 2*d**2 + 6*d + 2. Let k be f(-4). What are the prime factors of k*r - (5 + -6)?
31
Let z(f) = -f**3 + 3*f**2 - 3*f + 1. Let s(k) = -k**2 - k. Let g(m) = -2*s(m) + z(m). List the prime factors of g(4).
13
Let j = 2121 + -558. What are the prime factors of j?
3, 521
Let f(i) = -20*i. What are the prime factors of f(-42)?
2, 3, 5, 7
Suppose -2*l + 5*t - 1 = 0, -5*l = 2*t - t - 11. Suppose 3*y - l*k - 28 = 0, -3*k - 54 + 7 = -5*y. Let z = y - -3. List the prime factors of z.
13
Let j(h) = -36 + 15 - 2*h - 4*h. Let s be j(-10). What are the prime factors of 520/s + 4/6?
2, 7
Suppose -49*o + 286 = -47*o. Suppose 2*u - 2*x = 3*u - o, 4*x + 8 = 0. What are the prime factors of u?
3, 7
Let o be 1736/12 - (-5)/15. Suppose -k + 15 = 2*k. Suppose -k*v = -o - 205. What are the prime factors of v?
2, 5, 7
Let i = 1250 - 838. List the prime factors of i.
2, 103
Let f = 17 - 1. Let v = 35 + -27. Suppose -3*o = a - v, 0*a - 3*a - o + f = 0. List the prime factors of a.
5
Let p be (-30)/45 - (-140)/3. Suppose -20*g = -19*g - p. What are the prime factors of g?
2, 23
Let l(z) = 2*z**2 + z - 8. What are the prime factors of l(-7)?
83
List the prime factors of 11 + -11 - 9 - -715.
2, 353
Let p(b) = 23*b**2 - 19*b - 244. What are the prime factors of p(-8)?
2, 3, 5, 23
Let r = -1 - 87. Let m = -49 - r. List the prime factors of m.
3, 13
Suppose 0 = 5*n - 149 - 71. Let q = -29 + 47. List the prime factors of (n/12 - 3)*q.
2, 3
Let j be (6/(-5))/((-44)/110). Suppose 44 = j*r - 4*o - o, -r = -4*o - 3. List the prime factors of r.
23
Let i(a) = -9*a**3 - a**2 + a + 1. Let w be i(-1). Suppose 130 = 3*p - w*p. List the prime factors of p/(-8) - (-12)/16.
2
Let g = -275 - -263. Suppose -241 = 4*z - 5. Let j = g - z. List the prime factors of j.
47
Suppose 2*y = -n + 3*n - 28, 0 = -3*n - 2*y + 47. Suppose -6*z + n = -z. Suppose 8*f - 35 = z*f. List the prime factors of f.
7
Let i(k) be the second derivative of k**5/20 + 5*k**4/6 - k**3/2 - 9*k**2/2 - k. Let y(h) = h - 14. Let z be y(4). What are the prime factors of i(z)?
3, 7
Let c(i) = -186*i - 15. What are the prime factors of c(-2)?
3, 7, 17
Suppose 30*g - 31*g - 2 = 0. List the prime factors of (g/4)/((-8)/944).
59
Suppose -18560 - 18950 = -10*i. List the prime factors of i.
11, 31
Let c be 1721 - (-1 + -1)*-2. Suppose -11*r + c = -439. List the prime factors of r.
2, 7
What are the prime factors of 76/(-171) - (-1 - (-9782)/(-18))?
2, 17
Let f be ((-2)/4)/((1 + 1)/4). List the prime factors of f - (-305)/(-10)*-2.
2, 3, 5
Let m = 23 + -23. Suppose m = -17*o + 1830 + 2114. What are the prime factors of o?
2, 29
Suppose -7*s + 21 = -6*s. Let w = 37 + s. Suppose -4*p + 114 = -w. List the prime factors of p.
43
Suppose 2*j - 5*g - 1088 = -176, -5*j - 4*g = -2313. List the prime factors of j.
461
Suppose 0 = 5*b, 2*b + 6232 - 176 = 4*s. List the prime factors of s.
2, 757
Let q(n) = -n**2 + 21 - 24 + 3*n**2 - n**3 + 4*n. Let h be q(3). Let s(d) = d**3 - 2*d**2 - d + 10. What are the prime factors of s(h)?
2, 5
List the prime factors of 13/(-104)*-9938 + (-1)/4.
2, 3, 23
Let q(o) = -o - 1. Let l(z) = -5*z - 11. Let k(i) = -l(i) + 6*q(i). Let f be k(10). Let v = f - -30. List the prime factors of v.
5
Let a be 2286/27*(-3)/2. Let g = -70 - a. What are the prime factors of g?
3, 19
Suppose -4*o = -5*q - 23, -q = -2*o + 19 - 0. Let d(g) = 7*g - 54. What are the prime factors of d(o)?
2, 3, 5
Suppose -2*t - 15 = -25. Suppose -2*n - 71 = -f + 2*n, -f = -t*n - 69. List the prime factors of f.
79
Suppose -3*m - 5*i + 3031 + 319 = 0, 4*i = -3*m + 3352. What are the prime factors of m?
2, 5, 7
Suppose 3*f - 6 = f. Suppose -545 = -f*d - 2*d. List the prime factors of d.
109
Let d(f) = 2*f + 7. Let q(k) = -4*k - 14. Let i(g) = -5*d(g) - 3*q(g). Let r be i(0). Suppose 0 = r*c - 9*c + 8. What are the prime factors of c?
2
Suppose 0 = 2*t - t + 4. Let f(s) = s**3 + 9*s**2 + 4*s + 2. What are the prime factors of f(t)?
2, 3, 11
Suppose -4*j + 15 = 39. Let a be -3 - (-2)/(j/(-21)). What are the prime factors of (-2)/4*a - -7?
5
Let b = 4502 + -2392. What are the prime factors of b?
2, 5, 211
Suppose -5*a + 762 = -c, -5*c - 597 = 2*a - 6*a. List the prime factors of a.
3, 17
Let c(d) = -4*d**2 - 2*d + 2. Let i be c(-2). Let z(l) = -10*l + 6. Let w(q) = 27*q - 17. Let y(p) = -3*w(p) - 8*z(p). List t